{"id":138,"date":"2020-07-19T17:48:33","date_gmt":"2020-07-19T15:48:33","guid":{"rendered":"http:\/\/pierrick-energeticien.com\/?page_id=138"},"modified":"2021-02-22T20:22:57","modified_gmt":"2021-02-22T19:22:57","slug":"comment-me-contacter","status":"publish","type":"page","link":"https:\/\/pierrick-energeticien.com\/index.php\/comment-me-contacter\/","title":{"rendered":"Comment me contacter ?"},"content":{"rendered":"\n<p>Par t\u00e9l\u00e9phone (appel ou sms) : <strong>06 12 36 89 29 <\/strong><\/p>\n\n\n\n<p>Par mail : <strong>contact@pierrick-energeticien.com<\/strong><\/p>\n\n\n\n<p>Je peux bien s\u00fbr r\u00e9pondre \u00e0 toutes vos questions et vous pouvez choisir de prendre un RDV par la suite.<\/p>\n","protected":false},"excerpt":{"rendered":"<p>Par t\u00e9l\u00e9phone (appel ou sms) : 06 12 36 89 29 Par mail : contact@pierrick-energeticien.com Je peux bien s\u00fbr r\u00e9pondre \u00e0 toutes vos questions et vous pouvez choisir de prendre un RDV par la suite.<\/p>\n","protected":false},"author":1,"featured_media":0,"parent":0,"menu_order":0,"comment_status":"closed","ping_status":"closed","template":"","meta":{"footnotes":""},"class_list":["post-138","page","type-page","status-publish","hentry"],"_links":{"self":[{"href":"https:\/\/pierrick-energeticien.com\/index.php\/wp-json\/wp\/v2\/pages\/138","targetHints":{"allow":["GET"]}}],"collection":[{"href":"https:\/\/pierrick-energeticien.com\/index.php\/wp-json\/wp\/v2\/pages"}],"about":[{"href":"https:\/\/pierrick-energeticien.com\/index.php\/wp-json\/wp\/v2\/types\/page"}],"author":[{"embeddable":true,"href":"https:\/\/pierrick-energeticien.com\/index.php\/wp-json\/wp\/v2\/users\/1"}],"replies":[{"embeddable":true,"href":"https:\/\/pierrick-energeticien.com\/index.php\/wp-json\/wp\/v2\/comments?post=138"}],"version-history":[{"count":3,"href":"https:\/\/pierrick-energeticien.com\/index.php\/wp-json\/wp\/v2\/pages\/138\/revisions"}],"predecessor-version":[{"id":267,"href":"https:\/\/pierrick-energeticien.com\/index.php\/wp-json\/wp\/v2\/pages\/138\/revisions\/267"}],"wp:attachment":[{"href":"https:\/\/pierrick-energeticien.com\/index.php\/wp-json\/wp\/v2\/media?parent=138"}],"curies":[{"name":"wp","href":"https:\/\/api.w.org\/{rel}","templated":true}]}}