{"id":125,"date":"2020-07-19T17:45:50","date_gmt":"2020-07-19T15:45:50","guid":{"rendered":"http:\/\/pierrick-energeticien.com\/?page_id=125"},"modified":"2022-06-21T12:15:07","modified_gmt":"2022-06-21T10:15:07","slug":"combien-coute-une-seance","status":"publish","type":"page","link":"https:\/\/pierrick-energeticien.com\/index.php\/combien-coute-une-seance\/","title":{"rendered":"Combien co\u00fbte une s\u00e9ance ?"},"content":{"rendered":"\n<p>Une s\u00e9ance dure environ 1 heure et le travail \u00e9nerg\u00e9tique environ 45 minutes.<\/p>\n\n\n\n<ul class=\"wp-block-list\"><li>Soin \u00e0 distance \u2013 France et international : 70 euros<\/li><li>Consultation chez le patient (Paris et proche banlieue) : 90 euros<\/li><\/ul>\n\n\n\n<p>Paiement en esp\u00e8ces, par paiement en ligne Lydia ou virement bancaire.<\/p>\n\n\n\n<p><a href=\"http:\/\/pierrick-energeticien.com\/index.php\/combien-de-seances-faut-il-pour-un-resultat\/\">Combien&nbsp;de s\u00e9ances faut-il pour un r\u00e9sultat ?<\/a><\/p>\n","protected":false},"excerpt":{"rendered":"<p>Une s\u00e9ance dure environ 1 heure et le travail \u00e9nerg\u00e9tique environ 45 minutes. Soin \u00e0 distance \u2013 France et international : 70 euros Consultation chez le patient (Paris et proche banlieue) : 90 euros Paiement en esp\u00e8ces, par paiement en ligne Lydia ou virement bancaire. Combien&nbsp;de s\u00e9ances faut-il pour un r\u00e9sultat ?<\/p>\n","protected":false},"author":1,"featured_media":0,"parent":0,"menu_order":0,"comment_status":"closed","ping_status":"closed","template":"","meta":{"footnotes":""},"class_list":["post-125","page","type-page","status-publish","hentry"],"_links":{"self":[{"href":"https:\/\/pierrick-energeticien.com\/index.php\/wp-json\/wp\/v2\/pages\/125","targetHints":{"allow":["GET"]}}],"collection":[{"href":"https:\/\/pierrick-energeticien.com\/index.php\/wp-json\/wp\/v2\/pages"}],"about":[{"href":"https:\/\/pierrick-energeticien.com\/index.php\/wp-json\/wp\/v2\/types\/page"}],"author":[{"embeddable":true,"href":"https:\/\/pierrick-energeticien.com\/index.php\/wp-json\/wp\/v2\/users\/1"}],"replies":[{"embeddable":true,"href":"https:\/\/pierrick-energeticien.com\/index.php\/wp-json\/wp\/v2\/comments?post=125"}],"version-history":[{"count":12,"href":"https:\/\/pierrick-energeticien.com\/index.php\/wp-json\/wp\/v2\/pages\/125\/revisions"}],"predecessor-version":[{"id":271,"href":"https:\/\/pierrick-energeticien.com\/index.php\/wp-json\/wp\/v2\/pages\/125\/revisions\/271"}],"wp:attachment":[{"href":"https:\/\/pierrick-energeticien.com\/index.php\/wp-json\/wp\/v2\/media?parent=125"}],"curies":[{"name":"wp","href":"https:\/\/api.w.org\/{rel}","templated":true}]}}