{"id":117,"date":"2020-07-19T17:50:47","date_gmt":"2020-07-19T15:50:47","guid":{"rendered":"http:\/\/pierrick-energeticien.com\/?page_id=117"},"modified":"2021-02-22T19:54:28","modified_gmt":"2021-02-22T18:54:28","slug":"quest-ce-que-lenergie-du-corps-humain","status":"publish","type":"page","link":"https:\/\/pierrick-energeticien.com\/index.php\/quest-ce-que-lenergie-du-corps-humain\/","title":{"rendered":"Qu\u2019est-ce que l\u2019\u00e9nergie du corps humain ?"},"content":{"rendered":"\n<p>Tout \u00eatre vivant (animal ou v\u00e9g\u00e9tal) est constitu\u00e9 de mati\u00e8re et d\u2019\u00e9nergie.<\/p>\n\n\n\n<p>Chez les \u00eatres humains, il peut arriver que le cerveau ne soit pas en capacit\u00e9 de g\u00e9rer une \u00e9motion forte ou un \u00e9v\u00e9nement traumatisant. L\u2019\u00e9motion ou le trauma sera donc \u00e9vacu\u00e9 dans le corps.<\/p>\n\n\n\n<p>Cette \u00e9motion ou tension s\u2019installe alors progressivement et forme par la suite un bouchon d\u2019\u00e9nergie. Avec le temps, ce blocage se traduit par un dysfonctionnement corporel. Ce dysfonctionnement pourra prendre des formes vari\u00e9es (douleurs, blocages, &#8230;), dont le but premier sera de vous interpeller.<\/p>\n\n\n\n<p>Vous avez alors plusieurs choix \u00e0 votre disposition : vous pouvez tenter d\u2019oublier, de minimiser et de contraindre votre corps \u00e0 fonctionner malgr\u00e9 ces alertes, ou vous pouvez agir en \u00e9tant accompagn\u00e9.<\/p>\n\n\n\n<p>L\u2019\u00e9nerg\u00e9ticien peut acc\u00e9der, si vous le souhaitez, \u00e0 la m\u00e9moire de votre corps, aux \u00e9motions fortes et aux \u00e9v\u00e9nements traumatisants qui y sont accumul\u00e9s. Gr\u00e2ce \u00e0 ses soins, il peut y appliquer une \u00e9nergie qui ouvrira un passage pour vous lib\u00e9rer et restaurer vos \u00e9quilibres.<\/p>\n\n\n\n<p>En tant qu\u2019\u00e9nerg\u00e9ticien, mon pass\u00e9 d\u2019ing\u00e9nieur m\u2019apporte rigueur et adaptabilit\u00e9. Mes formations, mes lectures et mes exp\u00e9riences \u00e9nerg\u00e9tiques me permettent \u00e9galement de vous accompagner avec empathie et bienveillance.<\/p>\n\n\n\n<p>Ce double parcours me permet de vous donner une d\u00e9finition pr\u00e9cise de mon r\u00f4le en tant qu\u2019\u00e9nerg\u00e9ticien :<\/p>\n\n\n\n<ul class=\"wp-block-list\"><li>\u00eatre un canal entre l\u2019\u00e9nergie universelle (ressource illimit\u00e9e d\u2019\u00e9nergie pure) et l\u2019\u00e9nergie des \u00eatres vivants,<\/li><li>apporter l\u2019\u00e9nergie n\u00e9cessaire au corps pour se lib\u00e9rer et se gu\u00e9rir,<\/li><li>l\u2019\u00e9nerg\u00e9ticien ne soigne pas, il permet au corps de se lib\u00e9rer et de retrouver un fonctionnement \u00e9quilibr\u00e9.<\/li><\/ul>\n\n\n\n<p><\/p>\n\n\n\n<p><a href=\"http:\/\/pierrick-energeticien.com\/index.php\/pourquoi-prendre-une-seance-energetique\/\">Pourquoi prendre une s\u00e9ance \u00e9nerg\u00e9tique ?<\/a><\/p>\n","protected":false},"excerpt":{"rendered":"<p>Tout \u00eatre vivant (animal ou v\u00e9g\u00e9tal) est constitu\u00e9 de mati\u00e8re et d\u2019\u00e9nergie. Chez les \u00eatres humains, il peut arriver que le cerveau ne soit pas en capacit\u00e9 de g\u00e9rer une \u00e9motion forte ou un \u00e9v\u00e9nement traumatisant. L\u2019\u00e9motion ou le trauma sera donc \u00e9vacu\u00e9 dans le corps. Cette \u00e9motion ou tension s\u2019installe alors progressivement et forme &hellip; <\/p>\n<p class=\"link-more\"><a href=\"https:\/\/pierrick-energeticien.com\/index.php\/quest-ce-que-lenergie-du-corps-humain\/\" class=\"more-link\">Continue reading<span class=\"screen-reader-text\"> &#8220;Qu\u2019est-ce que l\u2019\u00e9nergie du corps humain ?&#8221;<\/span><\/a><\/p>\n","protected":false},"author":1,"featured_media":0,"parent":0,"menu_order":0,"comment_status":"closed","ping_status":"closed","template":"","meta":{"footnotes":""},"class_list":["post-117","page","type-page","status-publish","hentry"],"_links":{"self":[{"href":"https:\/\/pierrick-energeticien.com\/index.php\/wp-json\/wp\/v2\/pages\/117","targetHints":{"allow":["GET"]}}],"collection":[{"href":"https:\/\/pierrick-energeticien.com\/index.php\/wp-json\/wp\/v2\/pages"}],"about":[{"href":"https:\/\/pierrick-energeticien.com\/index.php\/wp-json\/wp\/v2\/types\/page"}],"author":[{"embeddable":true,"href":"https:\/\/pierrick-energeticien.com\/index.php\/wp-json\/wp\/v2\/users\/1"}],"replies":[{"embeddable":true,"href":"https:\/\/pierrick-energeticien.com\/index.php\/wp-json\/wp\/v2\/comments?post=117"}],"version-history":[{"count":10,"href":"https:\/\/pierrick-energeticien.com\/index.php\/wp-json\/wp\/v2\/pages\/117\/revisions"}],"predecessor-version":[{"id":244,"href":"https:\/\/pierrick-energeticien.com\/index.php\/wp-json\/wp\/v2\/pages\/117\/revisions\/244"}],"wp:attachment":[{"href":"https:\/\/pierrick-energeticien.com\/index.php\/wp-json\/wp\/v2\/media?parent=117"}],"curies":[{"name":"wp","href":"https:\/\/api.w.org\/{rel}","templated":true}]}}